{"id":1458,"date":"2025-10-14T17:32:18","date_gmt":"2025-10-14T20:32:18","guid":{"rendered":"https:\/\/isfdyt218-bue.infd.edu.ar\/sitio\/?page_id=1458"},"modified":"2025-10-16T21:48:47","modified_gmt":"2025-10-17T00:48:47","slug":"proyeccion-propuesta-academica-2027","status":"publish","type":"page","link":"https:\/\/isfdyt218-bue.infd.edu.ar\/sitio\/proyeccion-propuesta-academica-2027\/","title":{"rendered":"Proyecci\u00f3n Propuesta Acad\u00e9mica 2027"},"content":{"rendered":"\n<figure class=\"wp-block-image size-full is-resized\"><img decoding=\"async\" loading=\"lazy\" src=\"https:\/\/isfdyt218-bue.infd.edu.ar\/sitio\/wp-content\/uploads\/2025\/10\/Encuesta_ISFDYT-N\u00b0-218.jpg\" alt=\"\" class=\"wp-image-1490\" width=\"1019\" height=\"340\"\/><\/figure>\n\n\n\n<p><a href=\"https:\/\/docs.google.com\/forms\/d\/e\/1FAIpQLSd-LvWL80nL-RQ_cZI_bfF21yHotuHe8dWUFqyJXZ_j7qElZA\/viewform#38;ouid=108862743701377024971\">Enlace a encuesta<\/a><\/p>\n\n\n\n<p><a href=\"https:\/\/isfdyt218-bue.infd.edu.ar\/sitio\/profesorado-de-educacion-secundaria-en-matematica-res-n-1861-17\/\" data-type=\"URL\" data-id=\"https:\/\/isfdyt218-bue.infd.edu.ar\/sitio\/profesorado-de-educacion-secundaria-en-matematica-res-n-1861-17\/\">Informaci\u00f3n complementaria<\/a><\/p>\n\n\n\n<p>Se abrir\u00e1 tambi\u00e9n una Tecnicatura Superior (a definir en 2026)<\/p>\n","protected":false},"excerpt":{"rendered":"<p>Enlace a encuesta Informaci\u00f3n complementaria Se abrir\u00e1 tambi\u00e9n una Tecnicatura Superior (a definir en 2026)<\/p>\n","protected":false},"author":11,"featured_media":0,"parent":0,"menu_order":0,"comment_status":"closed","ping_status":"closed","template":"","meta":[],"acf":[],"_links":{"self":[{"href":"https:\/\/isfdyt218-bue.infd.edu.ar\/sitio\/wp-json\/wp\/v2\/pages\/1458"}],"collection":[{"href":"https:\/\/isfdyt218-bue.infd.edu.ar\/sitio\/wp-json\/wp\/v2\/pages"}],"about":[{"href":"https:\/\/isfdyt218-bue.infd.edu.ar\/sitio\/wp-json\/wp\/v2\/types\/page"}],"author":[{"embeddable":true,"href":"https:\/\/isfdyt218-bue.infd.edu.ar\/sitio\/wp-json\/wp\/v2\/users\/11"}],"replies":[{"embeddable":true,"href":"https:\/\/isfdyt218-bue.infd.edu.ar\/sitio\/wp-json\/wp\/v2\/comments?post=1458"}],"version-history":[{"count":3,"href":"https:\/\/isfdyt218-bue.infd.edu.ar\/sitio\/wp-json\/wp\/v2\/pages\/1458\/revisions"}],"predecessor-version":[{"id":1563,"href":"https:\/\/isfdyt218-bue.infd.edu.ar\/sitio\/wp-json\/wp\/v2\/pages\/1458\/revisions\/1563"}],"wp:attachment":[{"href":"https:\/\/isfdyt218-bue.infd.edu.ar\/sitio\/wp-json\/wp\/v2\/media?parent=1458"}],"curies":[{"name":"wp","href":"https:\/\/api.w.org\/{rel}","templated":true}]}}